{"id":4361,"date":"2025-12-03T21:29:48","date_gmt":"2025-12-03T20:29:48","guid":{"rendered":"https:\/\/assisipaxmundi.org\/paxmundi\/?post_type=tribe_events&#038;p=4361"},"modified":"2026-01-12T18:44:24","modified_gmt":"2026-01-12T17:44:24","slug":"assisi-pax-mundi-2026","status":"publish","type":"tribe_events","link":"https:\/\/assisipaxmundi.org\/paxmundi\/evento\/assisi-pax-mundi-2026\/","title":{"rendered":"Assisi Pax Mundi 2026"},"content":{"rendered":"<p>Rassegna internazionale di musica Sacra Francescana ad Assisi dal 15 al 18 ottobre 2026<\/p>\n<p>\u201csora nostra morte corporale\u201d (F.F. 263 &#8211; Cod. 338)<\/p>\n<p>Assisi, citt\u00e0 particolare per la sua vocazione all\u2019incontro e alla promozione della pace e del rispetto, continua a promuovere e diffondere la cultura del dialogo che davvero tutti accolga e a tutti proponga i valori del bene comune, dietro l\u2019esempio e lo stimolo di S. Francesco e di S. Chiara.<\/p>\n<p>La rassegna \u201c<em>Assisi Pax Mundi\u201d,<\/em> &#8211; giunta alla XIII edizione &#8211; organizzata dalla Famiglia Francescana di Assisi con la collaborazione della Cappella Musicale della Basilica Papale di San Francesco, intende offrire realmente una possibilit\u00e0 di dialogo, comunione e pace. Infatti gli artisti che vi partecipano, hanno la possibilit\u00e0 di vivere, nella stupenda cornice della citt\u00e0 serafica, momenti di autentica condivisione con altri amici, accomunati dall\u2019amore e dalla passione per il canto; di anno in anno l\u2019esperienza comune a tutti \u00e8 sempre quella di un continuo e reciproco arricchimento umano, spirituale e culturale.<\/p>\n<p>Quest\u2019anno la Famiglia Francescana festeggia l&#8217;ottavo centenario della Pasqua di San Francesco (1226-2026). Le Fonti Francescane ci raccontano che Francesco mor\u00ec la sera del 3 ottobre, al tramonto: \u00ab<em>Si fece deporre nudo sulla terra, per essere preparato in quell\u2019ora estrema, in cui il nemico avrebbe potuto ancora sfogare la sua ira, a lottare nudo con un avversario nudo<\/em>\u00bb; E Tommaso da Celano scrive: \u00ab<em>Era di una bellezza sovrumana che comprovava in lui il premio della beata resurrezione<\/em>\u00bb.<\/p>\n<p>Nel ricordare questo significativo avvenimento, la XIII edizione di Assisi Pax Mundi, celebra, attraverso la musica, il tema dell\u2019ottavo centenario \u201csora nostra morte corporale\u201d.<\/p>\n<p>Il 27 ottobre ricorreranno anche i quaranta anni (1986-2026) dell\u2019 \u201cincontro interreligioso di Assisi\u201d, chiamato poi da papa Giovanni Paolo II \u201cSpirito di Assisi\u201d, durante il quale il pontefice invit\u00f2 a partecipare tutti i massimi rappresentanti delle chiese cristiane, oltre che sessanta rappresentanti di altre religioni, compreso il Dalai Lama.<\/p>\n<p>La rassegna avr\u00e0 luogo dal 15 al 18 Ottobre 2026, con concerti che si svolgeranno in diversi momenti della giornata nei luoghi francescani di Assisi e dintorni. Culmine della manifestazione saranno il concerto finale del 17 ottobre (sabato sera), e la Celebrazione Eucaristica conclusiva del 18 ottobre (domenica mattina) che vedranno la partecipazione di tutti i gruppi iscritti. Al termine della Santa Messa i cori partecipanti eseguiranno insieme il Cantico delle Creature di p. Domenico Stella.<\/p>\n","protected":false},"excerpt":{"rendered":"<p>Rassegna internazionale di musica Sacra Francescana ad Assisi dal 15 al 18 ottobre 2026 \u201csora nostra morte corporale\u201d (F.F. 263 &#8211; Cod. 338) Assisi, citt\u00e0 particolare per la sua vocazione [&hellip;]<\/p>\n","protected":false},"author":1,"featured_media":4362,"template":"","meta":{"give_campaign_id":0,"_tribe_events_status":"","_tribe_events_status_reason":"","footnotes":""},"tags":[65,80,64],"tribe_events_cat":[312],"class_list":["post-4361","tribe_events","type-tribe_events","status-publish","has-post-thumbnail","hentry","tag-festival","tag-musica-sacra-francescana","tag-rassegna-musicale","tribe_events_cat-programma-2026","cat_programma-2026"],"_links":{"self":[{"href":"https:\/\/assisipaxmundi.org\/paxmundi\/wp-json\/wp\/v2\/tribe_events\/4361","targetHints":{"allow":["GET"]}}],"collection":[{"href":"https:\/\/assisipaxmundi.org\/paxmundi\/wp-json\/wp\/v2\/tribe_events"}],"about":[{"href":"https:\/\/assisipaxmundi.org\/paxmundi\/wp-json\/wp\/v2\/types\/tribe_events"}],"author":[{"embeddable":true,"href":"https:\/\/assisipaxmundi.org\/paxmundi\/wp-json\/wp\/v2\/users\/1"}],"version-history":[{"count":2,"href":"https:\/\/assisipaxmundi.org\/paxmundi\/wp-json\/wp\/v2\/tribe_events\/4361\/revisions"}],"predecessor-version":[{"id":4374,"href":"https:\/\/assisipaxmundi.org\/paxmundi\/wp-json\/wp\/v2\/tribe_events\/4361\/revisions\/4374"}],"wp:featuredmedia":[{"embeddable":true,"href":"https:\/\/assisipaxmundi.org\/paxmundi\/wp-json\/wp\/v2\/media\/4362"}],"wp:attachment":[{"href":"https:\/\/assisipaxmundi.org\/paxmundi\/wp-json\/wp\/v2\/media?parent=4361"}],"wp:term":[{"taxonomy":"post_tag","embeddable":true,"href":"https:\/\/assisipaxmundi.org\/paxmundi\/wp-json\/wp\/v2\/tags?post=4361"},{"taxonomy":"tribe_events_cat","embeddable":true,"href":"https:\/\/assisipaxmundi.org\/paxmundi\/wp-json\/wp\/v2\/tribe_events_cat?post=4361"}],"curies":[{"name":"wp","href":"https:\/\/api.w.org\/{rel}","templated":true}]}}

<p>Rassegna internazionale di musica Sacra Francescana ad Assisi dal 15 al 18 ottobre 2026</p>
<p>“sora nostra morte corporale” (F.F. 263 &#8211; Cod. 338)</p>
<p>Assisi, città particolare per la sua vocazione all’incontro e alla promozione della pace e del rispetto, continua a promuovere e diffondere la cultura del dialogo che davvero tutti accolga e a tutti proponga i valori del bene comune, dietro l’esempio e lo stimolo di S. Francesco e di S. Chiara.</p>
<p>La rassegna “<em>Assisi Pax Mundi”,</em> &#8211; giunta alla XIII edizione &#8211; organizzata dalla Famiglia Francescana di Assisi con la collaborazione della Cappella Musicale della Basilica Papale di San Francesco, intende offrire realmente una possibilità di dialogo, comunione e pace. Infatti gli artisti che vi partecipano, hanno la possibilità di vivere, nella stupenda cornice della città serafica, momenti di autentica condivisione con altri amici, accomunati dall’amore e dalla passione per il canto; di anno in anno l’esperienza comune a tutti è sempre quella di un continuo e reciproco arricchimento umano, spirituale e culturale.</p>
<p>Quest’anno la Famiglia Francescana festeggia l&#8217;ottavo centenario della Pasqua di San Francesco (1226-2026). Le Fonti Francescane ci raccontano che Francesco morì la sera del 3 ottobre, al tramonto: «<em>Si fece deporre nudo sulla terra, per essere preparato in quell’ora estrema, in cui il nemico avrebbe potuto ancora sfogare la sua ira, a lottare nudo con un avversario nudo</em>»; E Tommaso da Celano scrive: «<em>Era di una bellezza sovrumana che comprovava in lui il premio della beata resurrezione</em>».</p>
<p>Nel ricordare questo significativo avvenimento, la XIII edizione di Assisi Pax Mundi, celebra, attraverso la musica, il tema dell’ottavo centenario “sora nostra morte corporale”.</p>
<p>Il 27 ottobre ricorreranno anche i quaranta anni (1986-2026) dell’ “incontro interreligioso di Assisi”, chiamato poi da papa Giovanni Paolo II “Spirito di Assisi”, durante il quale il pontefice invitò a partecipare tutti i massimi rappresentanti delle chiese cristiane, oltre che sessanta rappresentanti di altre religioni, compreso il Dalai Lama.</p>
<p>La rassegna avrà luogo dal 15 al 18 Ottobre 2026, con concerti che si svolgeranno in diversi momenti della giornata nei luoghi francescani di Assisi e dintorni. Culmine della manifestazione saranno il concerto finale del 17 ottobre (sabato sera), e la Celebrazione Eucaristica conclusiva del 18 ottobre (domenica mattina) che vedranno la partecipazione di tutti i gruppi iscritti. Al termine della Santa Messa i cori partecipanti eseguiranno insieme il Cantico delle Creature di p. Domenico Stella.</p>

<p>Rassegna internazionale di musica Sacra Francescana ad Assisi dal 15 al 18 ottobre 2026 “sora nostra morte corporale” (F.F. 263 &#8211; Cod. 338) Assisi, città particolare per la sua vocazione [&hellip;]</p>
